{"id":5666,"date":"2023-03-21T00:14:47","date_gmt":"2023-03-21T00:14:47","guid":{"rendered":"https:\/\/preprod.travelbrands.com\/rencontrez-lequipe\/sam-youssef\/"},"modified":"2024-09-04T20:56:08","modified_gmt":"2024-09-04T20:56:08","slug":"sam-youssef","status":"publish","type":"page","link":"https:\/\/www.travelbrands.com\/fr\/rencontrez-lequipe\/sam-youssef\/","title":{"rendered":"Sam Youssef"},"content":{"rendered":"\t\t<div data-elementor-type=\"wp-page\" data-elementor-id=\"5666\" class=\"elementor elementor-5666 elementor-3567\">\n\t\t\t\t\t\t\t\t\t<section class=\"elementor-section elementor-top-section elementor-element elementor-element-2d41723c elementor-section-stretched elementor-section-content-bottom elementor-section-boxed elementor-section-height-default elementor-section-height-default\" data-id=\"2d41723c\" data-element_type=\"section\" data-settings=\"{&quot;stretch_section&quot;:&quot;section-stretched&quot;}\">\n\t\t\t\t\t\t<div class=\"elementor-container elementor-column-gap-no\">\n\t\t\t\t\t<div class=\"elementor-column elementor-col-100 elementor-top-column elementor-element elementor-element-6a59d43d\" data-id=\"6a59d43d\" data-element_type=\"column\">\n\t\t\t<div class=\"elementor-widget-wrap elementor-element-populated\">\n\t\t\t\t\t\t\t\t<section class=\"elementor-section elementor-inner-section elementor-element elementor-element-54ce6fa4 elementor-section-content-middle elementor-reverse-mobile elementor-section-boxed elementor-section-height-default elementor-section-height-default\" data-id=\"54ce6fa4\" data-element_type=\"section\">\n\t\t\t\t\t\t<div class=\"elementor-container elementor-column-gap-no\">\n\t\t\t\t\t<div class=\"elementor-column elementor-col-100 elementor-inner-column elementor-element elementor-element-16751f65 elementor-invisible\" data-id=\"16751f65\" data-element_type=\"column\" data-settings=\"{&quot;animation&quot;:&quot;fadeInLeft&quot;}\">\n\t\t\t<div class=\"elementor-widget-wrap elementor-element-populated\">\n\t\t\t\t\t\t\t\t<div class=\"elementor-element elementor-element-53e8414 elementor-widget elementor-widget-image\" data-id=\"53e8414\" data-element_type=\"widget\" data-widget_type=\"image.default\">\n\t\t\t\t<div class=\"elementor-widget-container\">\n\t\t\t<style>\/*! elementor - v3.13.3 - 28-05-2023 *\/\n.elementor-widget-image{text-align:center}.elementor-widget-image a{display:inline-block}.elementor-widget-image a img[src$=\".svg\"]{width:48px}.elementor-widget-image img{vertical-align:middle;display:inline-block}<\/style>\t\t\t\t\t\t\t\t\t\t\t\t<img loading=\"lazy\" decoding=\"async\" width=\"612\" height=\"612\" src=\"https:\/\/www.travelbrands.com\/wp-content\/uploads\/2024\/01\/Image-1.png\" class=\"attachment-full size-full wp-image-5575\" alt=\"\" srcset=\"https:\/\/www.travelbrands.com\/wp-content\/uploads\/2024\/01\/Image-1.png 612w, https:\/\/www.travelbrands.com\/wp-content\/uploads\/2024\/01\/Image-1-300x300.png 300w, https:\/\/www.travelbrands.com\/wp-content\/uploads\/2024\/01\/Image-1-150x150.png 150w, https:\/\/www.travelbrands.com\/wp-content\/uploads\/2024\/01\/Image-1-90x90.png 90w\" sizes=\"auto, (max-width: 612px) 100vw, 612px\" \/>\t\t\t\t\t\t\t\t\t\t\t\t\t\t\t<\/div>\n\t\t\t\t<\/div>\n\t\t\t\t<div class=\"elementor-element elementor-element-e00e776 gyan-title-st-line-after elementor-widget elementor-widget-gyan_title\" data-id=\"e00e776\" data-element_type=\"widget\" data-widget_type=\"gyan_title.default\">\n\t\t\t\t<div class=\"elementor-widget-container\">\n\t\t\t\t\t<div class=\"gyan-title\">\r\n\t\t\t<div class=\"gyan-title-subtitle\"><span>Vice-pr\u00e9sident s\u00e9nior, Marketing et Partenariats<\/span><\/div><h2 class=\"gyan-title-heading\">Sam Youssef<\/h2>\t\t<\/div>\r\n\t\t\t\t<\/div>\n\t\t\t\t<\/div>\n\t\t\t\t\t<\/div>\n\t\t<\/div>\n\t\t\t\t\t\t\t<\/div>\n\t\t<\/section>\n\t\t\t\t\t<\/div>\n\t\t<\/div>\n\t\t\t\t\t\t\t<\/div>\n\t\t<\/section>\n\t\t\t\t<section class=\"elementor-section elementor-top-section elementor-element elementor-element-68bc1843 elementor-section-stretched elementor-section-boxed elementor-section-height-default elementor-section-height-default\" data-id=\"68bc1843\" data-element_type=\"section\" data-settings=\"{&quot;stretch_section&quot;:&quot;section-stretched&quot;}\">\n\t\t\t\t\t\t<div class=\"elementor-container elementor-column-gap-no\">\n\t\t\t\t\t<div class=\"elementor-column elementor-col-100 elementor-top-column elementor-element elementor-element-4b31b96 elementor-invisible\" data-id=\"4b31b96\" data-element_type=\"column\" data-settings=\"{&quot;animation&quot;:&quot;fadeInUp&quot;}\">\n\t\t\t<div class=\"elementor-widget-wrap elementor-element-populated\">\n\t\t\t\t\t\t\t\t<div class=\"elementor-element elementor-element-18822ba elementor-widget elementor-widget-text-editor\" data-id=\"18822ba\" data-element_type=\"widget\" data-widget_type=\"text-editor.default\">\n\t\t\t\t<div class=\"elementor-widget-container\">\n\t\t\t<style>\/*! elementor - v3.13.3 - 28-05-2023 *\/\n.elementor-widget-text-editor.elementor-drop-cap-view-stacked .elementor-drop-cap{background-color:#69727d;color:#fff}.elementor-widget-text-editor.elementor-drop-cap-view-framed .elementor-drop-cap{color:#69727d;border:3px solid;background-color:transparent}.elementor-widget-text-editor:not(.elementor-drop-cap-view-default) .elementor-drop-cap{margin-top:8px}.elementor-widget-text-editor:not(.elementor-drop-cap-view-default) .elementor-drop-cap-letter{width:1em;height:1em}.elementor-widget-text-editor .elementor-drop-cap{float:left;text-align:center;line-height:1;font-size:50px}.elementor-widget-text-editor .elementor-drop-cap-letter{display:inline-block}<\/style>\t\t\t\t<p>Sam Youssef est un vice-pr\u00e9sident ex\u00e9cutif distingu\u00e9 dont le parcours impressionnant s\u2019\u00e9tend sur plus de deux d\u00e9cennies dans le domaine du marketing, du cybercommerce et des partenariats strat\u00e9giques. Son mandat est embl\u00e9matique d\u2019un leadership visionnaire et d\u2019une exp\u00e9rience constante dans la propulsion des entreprises vers une croissance et une et une prosp\u00e9rit\u00e9 sans pr\u00e9c\u00e9dent gr\u00e2ce \u00e0 des strat\u00e9gies de marketing innovantes et \u00e0 des alliances mutuellement enrichissantes.<\/p><p>Tout au long de son illustre carri\u00e8re, Sam a fait preuve d\u2019une compr\u00e9hension approfondie des dynamiques du march\u00e9, du comportement des consommateurs et des tendances \u00e9mergentes, ce qui lui a permis de cr\u00e9er et d\u2019ex\u00e9cuter des initiatives de marketing transformatrices. Son engagement \u00e0 rester \u00e0 l\u2019avant-garde des avanc\u00e9es de l\u2019industrie du voyage lui a permis de tirer parti des innovations num\u00e9riques et des strat\u00e9gies de marketing de pointe pour obtenir des r\u00e9sultats exceptionnels.<\/p><p>La capacit\u00e9 de Sam \u00e0 cultiver des partenariats strat\u00e9giques a \u00e9t\u00e9 un trait caract\u00e9ristique de sa carri\u00e8re. Son expertise dans la cr\u00e9ation et l\u2019entretien d\u2019alliances a constamment ouvert de nouvelles voies d\u2019expansion commerciale et de p\u00e9n\u00e9tration du march\u00e9. Il poss\u00e8de un talent unique pour identifier les synergies et les opportunit\u00e9s menant \u00e0 des collaborations mutuellement b\u00e9n\u00e9fiques.<\/p><p>En plus de son sens de la strat\u00e9gie, Sam est reconnu pour son style de leadership exceptionnel qui favorise une culture de haute performance et d\u2019innovation au sein de ses \u00e9quipes. Il s\u2019\u00e9panouit dans des environnements comp\u00e9titifs et en \u00e9volution rapide, o\u00f9 sa vision et son dynamisme ont constamment propuls\u00e9 les organisations vers de nouveaux sommets de r\u00e9ussite.<\/p><p>La trajectoire remarquable de la carri\u00e8re de Sam ainsi que sa vaste exp\u00e9rience font de lui un professionnel recherch\u00e9 dans le domaine du marketing et des partenariats dans l\u2019industrie du voyage. Son engagement envers l\u2019excellence, associ\u00e9 \u00e0 sa capacit\u00e9 \u00e0 favoriser la croissance et la rentabilit\u00e9, continue d\u2019\u00eatre une force motrice derri\u00e8re son parcours professionnel impressionnant.<\/p>\t\t\t\t\t\t<\/div>\n\t\t\t\t<\/div>\n\t\t\t\t\t<\/div>\n\t\t<\/div>\n\t\t\t\t\t\t\t<\/div>\n\t\t<\/section>\n\t\t\t\t\t\t\t<\/div>\n\t\t","protected":false},"excerpt":{"rendered":"<p>Vice-pr\u00e9sident s\u00e9nior, Marketing et Partenariats Sam Youssef Sam Youssef est un vice-pr\u00e9sident ex\u00e9cutif distingu\u00e9 dont le parcours impressionnant s\u2019\u00e9tend sur plus de deux d\u00e9cennies dans le domaine du marketing, du cybercommerce et des partenariats strat\u00e9giques. Son mandat est embl\u00e9matique d\u2019un leadership visionnaire et d\u2019une exp\u00e9rience constante dans la propulsion des [&hellip;]<\/p>\n","protected":false},"author":2,"featured_media":0,"parent":5637,"menu_order":0,"comment_status":"closed","ping_status":"closed","template":"","meta":{"footnotes":""},"class_list":["post-5666","page","type-page","status-publish","hentry"],"_links":{"self":[{"href":"https:\/\/www.travelbrands.com\/fr\/wp-json\/wp\/v2\/pages\/5666","targetHints":{"allow":["GET"]}}],"collection":[{"href":"https:\/\/www.travelbrands.com\/fr\/wp-json\/wp\/v2\/pages"}],"about":[{"href":"https:\/\/www.travelbrands.com\/fr\/wp-json\/wp\/v2\/types\/page"}],"author":[{"embeddable":true,"href":"https:\/\/www.travelbrands.com\/fr\/wp-json\/wp\/v2\/users\/2"}],"replies":[{"embeddable":true,"href":"https:\/\/www.travelbrands.com\/fr\/wp-json\/wp\/v2\/comments?post=5666"}],"version-history":[{"count":4,"href":"https:\/\/www.travelbrands.com\/fr\/wp-json\/wp\/v2\/pages\/5666\/revisions"}],"predecessor-version":[{"id":5670,"href":"https:\/\/www.travelbrands.com\/fr\/wp-json\/wp\/v2\/pages\/5666\/revisions\/5670"}],"up":[{"embeddable":true,"href":"https:\/\/www.travelbrands.com\/fr\/wp-json\/wp\/v2\/pages\/5637"}],"wp:attachment":[{"href":"https:\/\/www.travelbrands.com\/fr\/wp-json\/wp\/v2\/media?parent=5666"}],"curies":[{"name":"wp","href":"https:\/\/api.w.org\/{rel}","templated":true}]}}

<div data-elementor-type="wp-page" data-elementor-id="5666" class="elementor elementor-5666 elementor-3567">
									<section class="elementor-section elementor-top-section elementor-element elementor-element-2d41723c elementor-section-stretched elementor-section-content-bottom elementor-section-boxed elementor-section-height-default elementor-section-height-default" data-id="2d41723c" data-element_type="section" data-settings="{&quot;stretch_section&quot;:&quot;section-stretched&quot;}">
						<div class="elementor-container elementor-column-gap-no">
					<div class="elementor-column elementor-col-100 elementor-top-column elementor-element elementor-element-6a59d43d" data-id="6a59d43d" data-element_type="column">
			<div class="elementor-widget-wrap elementor-element-populated">
								<section class="elementor-section elementor-inner-section elementor-element elementor-element-54ce6fa4 elementor-section-content-middle elementor-reverse-mobile elementor-section-boxed elementor-section-height-default elementor-section-height-default" data-id="54ce6fa4" data-element_type="section">
						<div class="elementor-container elementor-column-gap-no">
					<div class="elementor-column elementor-col-100 elementor-inner-column elementor-element elementor-element-16751f65 elementor-invisible" data-id="16751f65" data-element_type="column" data-settings="{&quot;animation&quot;:&quot;fadeInLeft&quot;}">
			<div class="elementor-widget-wrap elementor-element-populated">
								<div class="elementor-element elementor-element-53e8414 elementor-widget elementor-widget-image" data-id="53e8414" data-element_type="widget" data-widget_type="image.default">
				<div class="elementor-widget-container">
			<style>/*! elementor - v3.13.3 - 28-05-2023 */
.elementor-widget-image{text-align:center}.elementor-widget-image a{display:inline-block}.elementor-widget-image a img[src$=".svg"]{width:48px}.elementor-widget-image img{vertical-align:middle;display:inline-block}</style>												<img loading="lazy" decoding="async" width="612" height="612" src="https://www.travelbrands.com/wp-content/uploads/2024/01/Image-1.png" class="attachment-full size-full wp-image-5575" alt="" srcset="https://www.travelbrands.com/wp-content/uploads/2024/01/Image-1.png 612w, https://www.travelbrands.com/wp-content/uploads/2024/01/Image-1-300x300.png 300w, https://www.travelbrands.com/wp-content/uploads/2024/01/Image-1-150x150.png 150w, https://www.travelbrands.com/wp-content/uploads/2024/01/Image-1-90x90.png 90w" sizes="auto, (max-width: 612px) 100vw, 612px" />															</div>
				</div>
				<div class="elementor-element elementor-element-e00e776 gyan-title-st-line-after elementor-widget elementor-widget-gyan_title" data-id="e00e776" data-element_type="widget" data-widget_type="gyan_title.default">
				<div class="elementor-widget-container">
					<div class="gyan-title">
			<div class="gyan-title-subtitle"><span>Vice-président sénior, Marketing et Partenariats</span></div><h2 class="gyan-title-heading">Sam Youssef</h2>		</div>
				</div>
				</div>
					</div>
		</div>
							</div>
		</section>
					</div>
		</div>
							</div>
		</section>
				<section class="elementor-section elementor-top-section elementor-element elementor-element-68bc1843 elementor-section-stretched elementor-section-boxed elementor-section-height-default elementor-section-height-default" data-id="68bc1843" data-element_type="section" data-settings="{&quot;stretch_section&quot;:&quot;section-stretched&quot;}">
						<div class="elementor-container elementor-column-gap-no">
					<div class="elementor-column elementor-col-100 elementor-top-column elementor-element elementor-element-4b31b96 elementor-invisible" data-id="4b31b96" data-element_type="column" data-settings="{&quot;animation&quot;:&quot;fadeInUp&quot;}">
			<div class="elementor-widget-wrap elementor-element-populated">
								<div class="elementor-element elementor-element-18822ba elementor-widget elementor-widget-text-editor" data-id="18822ba" data-element_type="widget" data-widget_type="text-editor.default">
				<div class="elementor-widget-container">
			<style>/*! elementor - v3.13.3 - 28-05-2023 */
.elementor-widget-text-editor.elementor-drop-cap-view-stacked .elementor-drop-cap{background-color:#69727d;color:#fff}.elementor-widget-text-editor.elementor-drop-cap-view-framed .elementor-drop-cap{color:#69727d;border:3px solid;background-color:transparent}.elementor-widget-text-editor:not(.elementor-drop-cap-view-default) .elementor-drop-cap{margin-top:8px}.elementor-widget-text-editor:not(.elementor-drop-cap-view-default) .elementor-drop-cap-letter{width:1em;height:1em}.elementor-widget-text-editor .elementor-drop-cap{float:left;text-align:center;line-height:1;font-size:50px}.elementor-widget-text-editor .elementor-drop-cap-letter{display:inline-block}</style>				<p>Sam Youssef est un vice-président exécutif distingué dont le parcours impressionnant s’étend sur plus de deux décennies dans le domaine du marketing, du cybercommerce et des partenariats stratégiques. Son mandat est emblématique d’un leadership visionnaire et d’une expérience constante dans la propulsion des entreprises vers une croissance et une et une prospérité sans précédent grâce à des stratégies de marketing innovantes et à des alliances mutuellement enrichissantes.</p><p>Tout au long de son illustre carrière, Sam a fait preuve d’une compréhension approfondie des dynamiques du marché, du comportement des consommateurs et des tendances émergentes, ce qui lui a permis de créer et d’exécuter des initiatives de marketing transformatrices. Son engagement à rester à l’avant-garde des avancées de l’industrie du voyage lui a permis de tirer parti des innovations numériques et des stratégies de marketing de pointe pour obtenir des résultats exceptionnels.</p><p>La capacité de Sam à cultiver des partenariats stratégiques a été un trait caractéristique de sa carrière. Son expertise dans la création et l’entretien d’alliances a constamment ouvert de nouvelles voies d’expansion commerciale et de pénétration du marché. Il possède un talent unique pour identifier les synergies et les opportunités menant à des collaborations mutuellement bénéfiques.</p><p>En plus de son sens de la stratégie, Sam est reconnu pour son style de leadership exceptionnel qui favorise une culture de haute performance et d’innovation au sein de ses équipes. Il s’épanouit dans des environnements compétitifs et en évolution rapide, où sa vision et son dynamisme ont constamment propulsé les organisations vers de nouveaux sommets de réussite.</p><p>La trajectoire remarquable de la carrière de Sam ainsi que sa vaste expérience font de lui un professionnel recherché dans le domaine du marketing et des partenariats dans l’industrie du voyage. Son engagement envers l’excellence, associé à sa capacité à favoriser la croissance et la rentabilité, continue d’être une force motrice derrière son parcours professionnel impressionnant.</p>						</div>
				</div>
					</div>
		</div>
							</div>
		</section>
							</div>

<p>Vice-président sénior, Marketing et Partenariats Sam Youssef Sam Youssef est un vice-président exécutif distingué dont le parcours impressionnant s’étend sur plus de deux décennies dans le domaine du marketing, du cybercommerce et des partenariats stratégiques. Son mandat est emblématique d’un leadership visionnaire et d’une expérience constante dans la propulsion des [&hellip;]</p>
